
Suppose 9*o - 11*o = 0. Suppose o = 2*p + 3*j - 16, 6 = 5*p - 0*p - j. Suppose -k = -p*k + 194. What are the prime factors of k?
2, 97
Let x = -150 + 272. Let f = -112 + x. List the prime factors of 4 - ((-5)/(f/446) + -1).
2, 3, 19
Let g(b) = b**3 + 8*b**2 + 19*b + 68. Let a be g(-6). Suppose -n + a + 33 = m, -5*m - 2*n = -301. What are the prime factors of m?
61
What are the prime factors of (1036 + -267)/(2/6)?
3, 769
Suppose 4*i - 36 = -z, 2*i + i = 5*z + 50. Let h be ((-9)/(-7) - 1)*(4 + i). Suppose -h*k - s = 3*s - 256, 0 = 4*k + 3*s - 260. What are the prime factors of k?
2, 17
Let l(d) = 2*d**3 + 8*d**2 + 3*d + 20. Let r be l(7). Let i = r - 667. List the prime factors of i.
2, 113
Suppose 20*w = -30 - 70. List the prime factors of ((-54)/(-8) + w)/((-5)/(-1860)).
3, 7, 31
Let k(i) = 8*i**3 + i + 0 - 6*i**3 + 3*i**2 - i**2 - 1. Let c be k(-4). Let o = -17 - c. List the prime factors of o.
2, 3, 7
Let v(i) be the third derivative of i**4/8 + 16*i**3/3 + 15*i**2. Let j be v(-7). Suppose -2*o = -j + 5. What are the prime factors of o?
3
Let p(c) = 55*c**2 + 2*c + 3. Let v = 141 + -142. List the prime factors of p(v).
2, 7
Suppose v = 2*k - 2, 2*v = 4*v + 3*k - 31. Let q(n) = 30*n - 103. List the prime factors of q(v).
137
Let u(m) = -m**2 + 4*m + 7. Let b(i) = -i**2 + 10*i - 6. Let o be b(9). Let h be u(o). Suppose -1408 = -h*k - k. List the prime factors of k.
2
Suppose 3*l - 2*m - 640 + 113 = 0, 3*l - 4*m = 517. List the prime factors of l/(-2)*(-12 - -8).
2, 179
Let w = 47 + 15. Let g = w - 57. Suppose -g*t = -3*v - 350, -t - 5*v + 83 = -15. What are the prime factors of t?
73
Suppose 1008 - 1062 = -2*g. List the prime factors of (-1182)/(-27) + 4 + (-102)/g.
2, 11
Let w(m) = -2*m**3 + 11*m**2 - 22*m + 1. Let z be w(5). What are the prime factors of 868/z*120/(-2)?
2, 5, 31
Let q(f) = 6*f**2 - 4*f - 2. Let v be q(-2). Let b be (-6)/15 + 702/v. Suppose -24*n + b*n = -47. What are the prime factors of n?
47
Let o = -13 - -29. Suppose -13*c + o*c = -12. List the prime factors of 5*c/(-10) - -87.
89
Let f(u) = -2201*u - 8958. What are the prime factors of f(-7)?
6449
List the prime factors of (-162234)/(-13) + (-1950)/(-4225).
2, 3, 5, 13
Let n = 150230 + -92701. What are the prime factors of n?
57529
Let s be 13023/7 - 12/(-140)*-5. Suppose 917 = v + 5*d, 0*v + s = 2*v - 3*d. What are the prime factors of v?
3, 103
Let p(l) be the third derivative of -l**6/12 + 7*l**5/60 + 7*l**4/24 + l**3/3 - 57*l**2 - l. List the prime factors of p(-3).
2, 157
Let k(u) = 2*u**3 + 10*u**2 + u + 2. Let c be k(7). Let g = -831 + c. Suppose 12*m = 9*m + g. What are the prime factors of m?
2, 59
Let p(k) = -277*k**2 + 56*k - 91. Let t(m) = -138*m**2 + 28*m - 47. Let w(c) = 4*p(c) - 9*t(c). What are the prime factors of w(2)?
7, 11
Suppose -68*j - 50986 = -105*j. What are the prime factors of j?
2, 13, 53
Suppose -9*u = -7*u - 2, 2*o = -5*u + 13. Suppose -4*b = 2*p - 1182, -1184 = -o*b - p + 1. List the prime factors of b.
3, 11
Suppose 62 + 22 = -4*o. Let l = o + 525. What are the prime factors of l?
2, 3, 7
Let d(i) = 381*i - 4781. What are the prime factors of d(29)?
2, 1567
Suppose -93*q - 63000 = -4*m - 97*q, -m + 15730 = 5*q. List the prime factors of m.
5, 23, 137
Let d(p) = 4913*p**3 - 3*p**2 - 6*p + 5. What are the prime factors of d(2)?
3, 5, 97
Let f be 6*5/105 - 1690/(-14). Let p = 483 - f. What are the prime factors of p?
2, 181
Suppose 44 = 10*a - 8 + 12. Let g(l) = -26*l - 13. Let f(s) = -286*s - 143. Let o(d) = -6*f(d) + 65*g(d). List the prime factors of o(a).
3, 13
Suppose -1090 = -2*d + h, 3*d + 3*h - 1626 = -0*h. Let i = 416 + d. List the prime factors of i.
2, 3, 5
Let n = -444 + -468. Let h = n + 2634. List the prime factors of h.
2, 3, 7, 41
Suppose -x - 7*a + 15 = -3*a, -x - a + 6 = 0. Let m(s) = -14*s + 18*s**2 + 9*s**2 - 12 + 2*s**3 + 2*s - x*s. List the prime factors of m(-14).
2
Let r(s) = -1 - 5 - 13 + 3 + 9*s. Let c be r(4). Suppose 5*u = -c, 4*i = u + 725 - 173. What are the prime factors of i?
137
Let u = 37 - 29. Suppose -u = 2*r + 24. Let j(a) = a + 22. What are the prime factors of j(r)?
2, 3
Let t = -57260 - -89223. List the prime factors of t.
31963
Suppose 4*d - 2*w - 20226 = 0, 0 = 2*d + 2*w - 14104 + 3982. What are the prime factors of d?
2, 3, 281
Let p(w) = 8*w**2 + w - 4. Let a(d) = 2*d. Let q be (-1)/3*(4 + -1). Let f be a(q). List the prime factors of p(f).
2, 13
Suppose -24*u - 8149 = -383869. What are the prime factors of u?
5, 31, 101
List the prime factors of (37/(-4))/((-168)/213024).
37, 317
Suppose -14590 + 1342 = -138*j. List the prime factors of j.
2, 3
Let a(s) = 6*s**2 - 12*s + 47. Let m be a(16). Suppose 3*i + 68 - 421 = h, 4*h = 5*i - m. Let u = 524 + h. What are the prime factors of u?
2, 3, 5
Let x(w) be the first derivative of w**2/2 + 182*w + 42. List the prime factors of x(9).
191
Let u be (-3)/(-1) + (-35 - 0). Let j = u - -75. What are the prime factors of j/(-2 - (1 - 4))?
43
Let x(d) = -11 + 11*d + 38 - 4*d + d. Let h be x(8). Let z = h + -27. What are the prime factors of z?
2
Suppose -54*h - 13316355 = -309*h. What are the prime factors of h?
3, 13, 103
Let c(m) = -11*m + 110. Let i be c(9). Suppose -4*k + i*k = 3367. List the prime factors of k.
13, 37
Suppose -c = 5*b - 3450, -4*b + 3438 = c - 2*b. Suppose -27*w + 37*w = c. What are the prime factors of w?
7
Suppose 2*l = 5*s + 121007, 10*l - 9*l - 4*s - 60490 = 0. What are the prime factors of l?
2, 53, 571
Suppose -3*i - 2*a - 312 = 100, 2*a + 692 = -5*i. Suppose -t - 21 = 31. Let h = t - i. List the prime factors of h.
2, 11
Let c(z) = -12*z - 27. Let r = -100 - -93. Let h be c(r). Suppose -2*t = 2*b - 121 - h, -3*t + 273 = 5*b. What are the prime factors of t?
2, 43
Let v = -46 + 48. Suppose z = -4*b - 4, 20 = -5*b - 3*z - v*z. Let y(o) = 2*o**2 + o + 49. List the prime factors of y(b).
7
Let g = 91745 - 57298. What are the prime factors of g?
7, 19, 37
Suppose 75*o - 28749 + 1224 = 0. What are the prime factors of o?
367
Let j be (-1)/(((-28)/(-8))/(-7)). Suppose 0 = -4*o - h - 3, 0*o = -3*o + j*h + 6. Suppose o = 4*q + q - 430. List the prime factors of q.
2, 43
Let b = 56794 + -30913. What are the prime factors of b?
3, 8627
Let l(p) = -p**3 + 22*p**2 - 19*p - 100. Let r be l(22). What are the prime factors of -8*(6 - 7)*r/(-8)?
2, 7, 37
Let r = 27141 + -17973. List the prime factors of r.
2, 3, 191
Suppose -2*s + 40 = 3*s. Suppose -4*d + d + 5*m = 22, 2*d + s = 2*m. Let b(a) = 199*a**2 + 3*a - 2. What are the prime factors of b(d)?
2, 5
Let b = 114652 - 75271. What are the prime factors of b?
3, 13127
Let z = -323 - -332. Suppose -4883 = -z*m + 5494. What are the prime factors of m?
1153
What are the prime factors of (73 - 74)/(1/(-6333))?
3, 2111
List the prime factors of (-90)/(-24)*159480/27.
2, 5, 443
Let j(o) = 39*o**2 + 5*o - 62. Let g be j(5). Let p = -406 + g. What are the prime factors of p?
2, 7, 19
Suppose -5*l - 81 = -14*l. Let b be (9 + -6)*-3*(-2)/l. Suppose -b*a - 21 = f - 4*f, a - 22 = -5*f. List the prime factors of f.
5
Let q = 122274 - 71474. What are the prime factors of q?
2, 5, 127
Suppose -2*j - 6*j - 24 = 0, -4*j = 2*x - 21254. What are the prime factors of x?
7, 31
Suppose -5*g - 5*c = -29955, 2*g + 2*c - 5987 = g. What are the prime factors of g?
5, 11, 109
Let y(h) be the first derivative of 4*h**3 + 3*h**2 - 64*h - 311. List the prime factors of y(8).
2, 47
Suppose -5*c + 53 + 15 = 3*r, -c = 4*r. Let v be (-124)/(-5) + c/(-20). What are the prime factors of (-30)/v + 218/8?
2, 13
Let v(h) = 8*h**2 - 21*h + 679. What are the prime factors of v(38)?
3, 37, 103
Let q = 26 + -26. List the prime factors of (q - 1)*(-485 + (3 - 0)).
2, 241
Suppose i - 2 = 6. Let r(u) = -15 + 30*u + 1 - 24*u. What are the prime factors of r(i)?
2, 17
Let h(b) = -3 - 21 - 90*b + 83 - 22. What are the prime factors of h(-5)?
487
Let l = 24715 + -9061. List the prime factors of l.
2, 3, 2609
Let o be (-1)/(2/68) - 20/4. Suppose 0*n + 93 = -4*b + n, b + 2*n = -21. Let t = b - o. List the prime factors of t.
2
Let f(c) = -14 - 8*c + 7*c + c - 15*c - 2*c. Suppose 4*s - 2 = 3*q - s, 2*q + 4 = 2*s. What are the prime factors of f(q)?
2, 3
Let y(n) = -317*n + 221. What are the prime factors of y(-21)?
2, 19, 181
Suppose 0 = 43*m -